
2, 73, 151897
What are the prime factors of 2343961?
1531
What are the prime factors of 18098353?
7, 13, 17, 11699
What are the prime factors of 4254082?
2, 7, 83, 523
List the prime factors of 11120182.
2, 1093, 5087
List the prime factors of 30275063.
7, 13, 443, 751
List the prime factors of 1011481.
577, 1753
List the prime factors of 1046455.
5, 47, 61, 73
List the prime factors of 1644142.
2, 127, 6473
What are the prime factors of 87421?
87421
What are the prime factors of 585179?
7, 83597
List the prime factors of 240958.
2, 17, 19, 373
What are the prime factors of 21142422?
2, 3, 7, 23971
List the prime factors of 847794.
2, 3, 101, 1399
What are the prime factors of 2413775?
5, 7, 13, 1061
What are the prime factors of 2037334?
2, 13, 127, 617
What are the prime factors of 185705?
5, 13, 2857
What are the prime factors of 24936?
2, 3, 1039
What are the prime factors of 206747?
23, 89, 101
List the prime factors of 1757634.
2, 3, 197, 1487
List the prime factors of 9314390.
2, 5, 139, 6701
What are the prime factors of 602950?
2, 5, 31, 389
List the prime factors of 3923146.
2, 59, 33247
What are the prime factors of 2619407?
7, 31, 12071
List the prime factors of 278480.
2, 5, 59
What are the prime factors of 9547569?
3, 181, 5861
What are the prime factors of 577773?
3, 7, 1019
List the prime factors of 837615.
3, 5, 19, 2939
What are the prime factors of 2012794?
2, 7, 109, 1319
What are the prime factors of 284796?
2, 3, 293
What are the prime factors of 33568141?
2089, 16069
List the prime factors of 11365013.
11, 23, 29, 1549
What are the prime factors of 283904?
2, 1109
What are the prime factors of 1444767?
3, 481589
List the prime factors of 3546877.
3546877
What are the prime factors of 490803?
3, 163601
What are the prime factors of 4608477?
3, 29, 17657
What are the prime factors of 131060?
2, 5, 6553
What are the prime factors of 926839?
19, 48781
What are the prime factors of 1402792?
2, 175349
What are the prime factors of 1680283?
11, 152753
What are the prime factors of 2423381?
73, 89, 373
What are the prime factors of 2935325?
5, 117413
List the prime factors of 309468.
2, 3, 17, 37, 41
List the prime factors of 442341.
3, 43, 127
What are the prime factors of 249485?
5, 41, 1217
List the prime factors of 20391313.
17, 19, 63131
What are the prime factors of 10747663?
2297, 4679
What are the prime factors of 309521?
309521
List the prime factors of 8263384.
2, 827, 1249
What are the prime factors of 2004966?
2, 3, 107, 347
List the prime factors of 391698.
2, 3, 47, 463
What are the prime factors of 9051915?
3, 5, 29, 20809
What are the prime factors of 5307718?
2, 13, 204143
List the prime factors of 356072.
2, 47, 947
What are the prime factors of 915197?
915197
What are the prime factors of 2555151?
3, 17, 50101
List the prime factors of 288828.
2, 3, 71, 113
List the prime factors of 7734311.
13, 19, 173, 181
What are the prime factors of 1019533?
1019533
What are the prime factors of 397158?
2, 3, 37, 1789
What are the prime factors of 85150?
2, 5, 13, 131
List the prime factors of 14413532.
2, 7, 514769
List the prime factors of 93639.
3, 7, 13
What are the prime factors of 5437218?
2, 3, 906203
What are the prime factors of 111489?
3, 7, 5309
List the prime factors of 271604.
2, 67901
List the prime factors of 59128.
2, 19, 389
List the prime factors of 170894.
2, 85447
What are the prime factors of 671220?
2, 3, 5, 11, 113
List the prime factors of 469847.
7, 67121
What are the prime factors of 9394185?
3, 5, 283, 2213
What are the prime factors of 1935877?
37, 52321
What are the prime factors of 1006441?
1006441
What are the prime factors of 421044?
2, 3, 13, 2699
What are the prime factors of 2722064?
2, 61, 2789
List the prime factors of 35686.
2, 7, 2549
What are the prime factors of 478505?
5, 95701
What are the prime factors of 289787?
197, 1471
List the prime factors of 1403019.
3, 155891
What are the prime factors of 15148848?
2, 3, 11, 13, 2207
What are the prime factors of 12041995?
5, 7, 23, 2137
List the prime factors of 5901075.
3, 5, 26227
List the prime factors of 1540141.
1540141
List the prime factors of 4341857.
13, 333989
List the prime factors of 2958616.
2, 369827
What are the prime factors of 354150?
2, 3, 5, 787
List the prime factors of 4092198.
2, 3, 11, 62003
What are the prime factors of 6211378?
2, 3105689
List the prime factors of 341018.
2, 170509
What are the prime factors of 3779088?
2, 3, 131, 601
What are the prime factors of 30904?
2, 3863
List the prime factors of 3044921.
11, 17, 19, 857
List the prime factors of 2692883.
907, 2969
What are the prime factors of 2113321?
7, 17, 43, 59
List the prime factors of 9243313.
373, 24781
List the prime factors of 8275839.
3, 11, 13, 101, 191
What are the prime factors of 2662653?
3, 7, 103, 1231
What are the prime factors of 586474?
2, 7, 163, 257
What are the prime factors of 32334?
2, 3, 17, 317
List the prime factors of 4126793.
11, 375163
What are the prime factors of 12472?
2, 1559
List the prime factors of 153513.
3, 37, 461
List the prime factors of 158440.
2, 5, 17, 233
List the prime factors of 30857.
59, 523
What are the prime factors of 41617572?
2, 3, 173, 20047
What are the prime factors of 2848266?
2, 3, 79, 2003
List the prime factors of 18152.
2, 2269
What are the prime factors of 37233?
3, 7, 197
What are the prime factors of 1893129?
3, 7, 90149
What are the prime factors of 25921311?
3, 13, 17, 39097
List the prime factors of 3409720.
2, 5, 85243
List the prime factors of 5309548.
2, 1327387
List the prime factors of 150421.
359, 419
What are the prime factors of 742847?
7, 106121
What are the prime factors of 24022208?
2, 7, 29, 43
List the prime factors of 12954183.
3, 11, 79, 4969
What are the prime factors of 239603?
7, 13, 2633
List the prime factors of 43486.
2, 17, 1279
What are the prime factors of 1346835?
3, 5, 7, 101, 127
List the prime factors of 727303.
61, 11923
List the prime factors of 265086.
2, 3, 4909
What are the prime factors of 1420663?
211, 6733
List the prime factors of 15945047.
19, 83, 10111
What are the prime factors of 140916?
2, 3, 11743
What are the prime factors of 3633905?
5, 11, 66071
List the prime factors of 12226971.
3, 4075657
What are the prime factors of 39763?
17, 2339
List the prime factors of 1227176.
2, 211, 727
List the prime factors of 8264.
2, 1033
What are the prime factors of 617569?
599, 1031
What are the prime factors of 339372?
2, 3, 11, 857
List the prime factors of 44099.
11, 19, 211
What are the prime factors of 160222?
2, 80111
List the prime factors of 894104.
2, 73, 1531
What are the prime factors of 5588042?
2, 607, 4603
What are the prime factors of 3862114?
2, 23, 113, 743
List the prime factors of 532912.
2, 19, 1753
What are the prime factors of 119384?
2, 14923
List the prime factors of 1557424.
2, 11, 8849
What are the prime factors of 83789?
23, 3643
List the prime factors of 1392029.
23, 29, 2087
List the prime factors of 290735.
5, 58147
What are the prime factors of 286640?
2, 5, 3583
What are the prime factors of 329129?
283, 1163
What are the prime factors of 298011?
3, 7, 23, 617
What are the prime factors of 3525998?
2, 7, 251857
List the prime factors of 995199.
3, 199, 1667
What are the prime factors of 23288522?
2, 11644261
List the prime factors of 577056.
2, 3, 6011
List the prime factors of 892368.
2, 3, 6197
List the prime factors of 1725188.
2, 431297
What are the prime factors of 382685?
5, 76537
List the prime factors of 158779.
83, 1913
List the prime factors of 2137199.
2137199
What are the prime factors of 4761427?
11, 432857
List the prime factors of 2257351.
83, 27197
List the prime factors of 2095828.
2, 7, 17, 37
List the prime factors of 413345.
5, 19, 229
What are the prime factors of 3744439?
1297, 2887
What are the prime factors of 9840017?
11, 894547
What are the prime factors of 1047382?
2, 7, 79, 947
List the prime factors of 1612309.
1612309
List the prime factors of 57495.
3, 5, 3833
List the prime factors of 2235652.
2, 558913
What are the prime factors of 18843721?
13, 1449517
What are the prime factors of 289402?
2, 144701
What are the prime factors of 3894103?
3894103
What are the prime factors of 837829?